Suppose -299*g + 1650 = -54406 - 39325. Calculate the highest common divisor of q and g.
11
Suppose -6*h + 17290 = 29*h. What is the greatest common factor of h and 26?
26
Suppose -17*r + 494 = 3350. Let a = 174 + r. Calculate the greatest common divisor of a and 24.
6
Suppose 2*b - 1 = -j + 6, -4*b + 17 = 3*j. Suppose s = 2*z - 127, -2*z - 7*s = -j*s - 122. What is the highest common factor of 14 and z?
7
Let q = 37682 - 21761. Calculate the highest common divisor of 174 and q.
87
Let v = 170 - 170. Suppose -4*b - 4 + 64 = v. Calculate the highest common factor of 25 and b.
5
Suppose -18*p = -18*p - 5*m, -m + 8118 = 2*p. Calculate the greatest common factor of p and 99.
99
Let h(a) = 18*a**2 - 20*a + 69. Let t be h(6). Let b = t - 399. Calculate the highest common divisor of 132 and b.
66
Let w(t) = -t**2 - 42*t + 1192. Let s be w(-50). Calculate the greatest common factor of s and 1287.
99
Let b(j) = 2*j**2 - 47*j - 18. Suppose -12 = 3*m, -3*d + 0*d = -4*m - 88. Let z be b(d). Calculate the highest common factor of z and 48.
6
Suppose 0 = t - 408*d + 406*d - 806, -t + 815 = d. Calculate the highest common factor of t and 224.
28
Let x be (-4 + 4)/1 + (4 - 2). Suppose -5*g - 14 - 27 = -2*h, -x*h + 61 = -g. What is the greatest common divisor of 99 and h?
33
Suppose 852*t - 3*n - 222 = 850*t, -7*t - 3*n + 696 = 0. What is the greatest common divisor of t and 2091?
51
Suppose -2*a - 14 = -4*y, 4*y - 2*a = -4*a + 26. Suppose 8 = y*s - 7. Calculate the highest common divisor of s and 27.
3
Suppose -3*c + 3*x = -1698, 2263 = -c + 5*c - 5*x. Let i be c/6 - -4 - (-1)/2. Calculate the greatest common factor of i and 132.
33
Suppose 5*v - 10 = 0, -4*p + 3*v = -2*p + 38. Let u = 22 + p. Let w be 6 + (0*3/u)/(-2). Calculate the greatest common factor of 66 and w.
6
Let b be 25/(250/(-120)) - -62. What is the highest common divisor of b and 1475?
25
Suppose 970 = -5*b - 5*b. Let k = 115 + b. What is the highest common divisor of 9 and k?
9
Let p be ((-12)/15)/(-3 + (-118)/(-40)). Suppose h + 2*f = p, -2*h - f = -13 - 31. What is the highest common divisor of h and 132?
12
Let s be (1740/232 - (2 + 6))*-12. Calculate the greatest common factor of s and 4902.
6
Let u be (-3 + -560)*-3 - -1 - 2. Calculate the highest common factor of u and 8.
8
Suppose 2*d = 3*y - 69822, -d + 2942 = y - 20332. Calculate the highest common factor of y and 54.
54
Suppose -36 = -z - 0. Let r be (-160)/9 - (0 + 8/z). Let q be ((-4)/r - (-16)/90)*110. What is the greatest common factor of 132 and q?
44
Let n(p) = -p**2 - 26*p + 83. Let u be n(-19). What is the highest common divisor of u and 24?
24
Suppose -10*x = 156 + 54. Let v be 5*(-3340)/(-1050) - 2/x. Calculate the highest common divisor of v and 256.
16
Let u(m) = 15*m + 7. Let s be u(-4). Let k = 60 + s. Suppose 35 = k*p - 3*p - 5*q, -3*p - q = -31. Calculate the highest common factor of p and 2.
2
Let z be (0 + 1)*(-6 + 0 - -3). Let d be 5 + z - -6 - 1*3. Suppose 0 = -0*q - 5*q + 25, -d*q - 32 = -3*p. What is the greatest common divisor of 19 and p?
19
Suppose 26*c - 79 = 263 + 48. What is the greatest common factor of 5105 and c?
5
Suppose 108 = -v - u - 0*u, v + 110 = -3*u. Let g = v + 119. Let a be (10 - g)/(0 + 2/(-133)). What is the greatest common factor of 38 and a?
19
Let l(u) = -27*u + 506. Let h be l(14). What is the greatest common factor of 160 and h?
32
Suppose 2403 = -1409*p + 1428*p - 67. Calculate the greatest common divisor of p and 1510.
10
Suppose -p = -81*o + 79*o + 568, -p = -3*o + 854. What is the greatest common divisor of 66 and o?
22
Let r = 324 + -189. Suppose 0 = -67*i + 57*i - 40. Let b be 18650/1250 - i/50. Calculate the highest common factor of r and b.
15
Let o = -75 - -104. Let g(q) = 12*q - 1. Let a be g(-1). Let h = a + o. What is the greatest common factor of h and 32?
16
Suppose 341*o - 333*o = 24. Suppose o*m + 364 = 6*m + h, -2*h + 8 = 0. Calculate the highest common divisor of m and 15.
15
Suppose 7*o = 6*o + 2. Let v = 921 - 910. Calculate the greatest common divisor of v and o.
1
Suppose 21*d + 8204 - 8561 = 0. Calculate the greatest common factor of 15997 and d.
17
Let d be (-6)/(-9) - (-1448)/(-12). Let b = 117 + -139. Let w = b - d. Calculate the greatest common divisor of w and 147.
49
Let b be ((-2)/(-3))/((-18)/(-27)) + 1. Suppose 230 - 10 = b*z. Calculate the greatest common divisor of z and 10.
10
Let r = 61 - 37. Let b be r/36 - (-56)/6. Suppose z - b = 2. What is the greatest common divisor of 18 and z?
6
Suppose 17*n - 900 + 240 = -13*n. What is the highest common factor of n and 152?
2
Let o(y) = -2*y**3 - 35*y**2 + 15*y + 87. Let x be o(-18). What is the highest common divisor of 33699 and x?
141
Suppose 1086 = 6*x + 4*x - 1074. What is the highest common divisor of x and 1971?
27
Let a = 16652 - 16496. What is the greatest common divisor of 10335 and a?
39
Let a(k) = k**3 - 12*k - 10. Let w be a(-4). Let f be (-3 + 5)/((-4)/w). Calculate the greatest common divisor of 104 and f.
13
Suppose -6*s + 4*s = -4. Suppose 237*y - 241*y = -1268. Suppose -18 = y*x - 326*x. Calculate the greatest common factor of s and x.
2
Let c = 208 + -189. Suppose c*r + 0*r = 2660. Calculate the greatest common factor of 210 and r.
70
Suppose -v - 322 + 108 = 0. Let q = v - -312. Let f = q + -88. Calculate the greatest common divisor of 2 and f.
2
Suppose 3*r - 149 = 5*a, r - 4*a - 37 = 1. Let z = 82 - r. What is the greatest common factor of 48 and z?
24
Let s be 4/(-54) + (-1197616)/(-7344). Calculate the greatest common divisor of s and 815.
163
Let w(n) = -105*n + 6311. Let r be w(60). Let s be -1 - 848/(1/(-1)). What is the highest common divisor of s and r?
11
Let i(k) = 4*k**2 + 5*k + 21. Suppose 0 = 2*n + n + 15. Let f be i(n). Calculate the highest common factor of 240 and f.
48
Suppose -3*u = -34*u - 1517 + 4803. Calculate the greatest common divisor of u and 128.
2
Suppose 6*p - 93 = -2*j + 7*p, -5*j + p = -225. Calculate the greatest common divisor of 556 and j.
4
Suppose 5*n - 16 = 3*n. Suppose 30*b - 28*b = 12. Let z be ((-3)/(-3))/((-6)/(-8*b)). Calculate the highest common factor of n and z.
8
Suppose -199 = -5*b + 86. Let x = 92 + -95. Let y be 76*(10/(-4) - x). What is the highest common factor of b and y?
19
Let g be (-5447)/(-208) + (-57)/304. Calculate the greatest common factor of 2353 and g.
13
Let x = 2160 - 1980. Suppose -2*y + 48 = 2*y. What is the highest common divisor of y and x?
12
Suppose -25316 = -52*i + 26788. What is the highest common divisor of i and 6?
6
Suppose -4*j - 2*j + 12 = 0. Let z(d) = j*d - d - 105 + 134. Let v be z(-9). Calculate the greatest common divisor of 30 and v.
10
Suppose 56*u = 275*u - 3285. What is the greatest common divisor of 1585 and u?
5
Suppose 228 = 12*i + 7*i. Suppose 0*p + 3*f = -5*p + 162, p = -2*f + 31. What is the highest common divisor of i and p?
3
Suppose 4*v - k = 149, -34*v - 2*k = -31*v - 98. What is the greatest common divisor of v and 7092?
36
Let u(i) = i**3 + 29 - 2*i**3 - 2 - 20*i + 19*i**2 + 13. Let d be u(18). Let z be -1 - d - -3 - -122. What is the greatest common divisor of 8 and z?
8
Let b = -4394 + 4430. Calculate the greatest common divisor of 31158 and b.
18
Suppose -19*u + 26451 - 279 = -51861. What is the highest common factor of u and 6?
3
Let m(j) = -2*j**2 + 7*j**2 + 0*j + j. Let c = -71 - -72. Let s be m(c). Calculate the greatest common divisor of 6 and s.
6
Let r(d) = -8*d**2 - 329*d + 300. Let j be r(-42). What is the highest common divisor of 934 and j?
2
Suppose 117*x = -693*x + 470610. Suppose 410 = 4*k + 78. Calculate the highest common factor of k and x.
83
Suppose 0 = 11*x - 2*x - 18. Suppose u + 13 - 105 = -3*b, 0 = 2*b + x*u - 56. Calculate the greatest common factor of b and 368.
16
Suppose 3*y - 25 = h + 26, 3*y = 4*h + 159. Let d be ((-10)/8)/(-8 + (-285)/h). Let i = 46 - 31. Calculate the highest common factor of d and i.
15
Let w(c) = 8*c**2 + 5*c - 8. Let r be ((-3)/6)/((-33)/8 - -4). Let p be w(r). Suppose 24*s = 17*s + p. What is the highest common divisor of 100 and s?
20
Let k(o) = -o + 44. Let r be k(24). Suppose -354 = -3*f - g - 24, 0 = -4*g. Calculate the highest common divisor of f and r.
10
Let x(b) = 9*b. Let w be x(2). Let y = -245 - -247. Suppose 0*z = -z + 2*u